{"id":119,"date":"2022-04-01T07:27:38","date_gmt":"2022-04-01T07:27:38","guid":{"rendered":"https:\/\/hajek.ofm.cz\/?page_id=119"},"modified":"2022-04-01T07:27:38","modified_gmt":"2022-04-01T07:27:38","slug":"rok-2016","status":"publish","type":"page","link":"https:\/\/hajek.ofm.cz\/?page_id=119","title":{"rendered":"Rok 2016"},"content":{"rendered":"<p><a href=\"https:\/\/hajek.ofm.cz\/wp-content\/uploads\/2022\/04\/rok_2016-1.jpg\"><img decoding=\"async\" loading=\"lazy\" class=\"size-full wp-image-114 aligncenter\" src=\"https:\/\/hajek.ofm.cz\/wp-content\/uploads\/2022\/04\/rok_2016-1.jpg\" alt=\"\" width=\"720\" height=\"446\" srcset=\"https:\/\/hajek.ofm.cz\/wp-content\/uploads\/2022\/04\/rok_2016-1.jpg 720w, https:\/\/hajek.ofm.cz\/wp-content\/uploads\/2022\/04\/rok_2016-1-300x186.jpg 300w\" sizes=\"(max-width: 720px) 100vw, 720px\" \/><\/a><\/p>\n<p><strong>Proveden\u00e9 pr\u00e1ce v\u00a0roce 2016<\/strong><br \/>\nObnova kom\u00edn\u016f a vik\u00ed\u0159\u016f<br \/>\nKachlov\u00e1 kamna<br \/>\nElektro pr\u00e1ce<br \/>\nOprava zahradn\u00edho alt\u00e1nku<br \/>\nOprava Bo\u017e\u00edho hrobu<\/p>\n<p><strong>Akce v\u00a0H\u00e1jku v\u00a0roce 2016<\/strong><br \/>\nPoutn\u00ed m\u0161e svat\u00e9 v\u00a0H\u00e1jku (14)<br \/>\nCharismatick\u00e9 setk\u00e1n\u00ed NEW DAWN<br \/>\nSoukrom\u00e9 akce (svatby, rodinn\u00e9 oslavy atd)<br \/>\nSetk\u00e1v\u00e1n\u00ed terci\u00e1\u0159\u016f<br \/>\nMinistrantsk\u00e9 brig\u00e1dy<br \/>\nDuchovn\u00ed obnovy<br \/>\nMl\u00e1de\u017enick\u00e9 brig\u00e1dy<br \/>\nV\u00edkendov\u00e1 akce \u201eBrontosaurus\u201c<br \/>\n\u0160koln\u00ed exkurze<br \/>\nPl\u00e1novan\u00e9 i n\u00e1hodn\u00e9 prohl\u00eddky kl\u00e1\u0161tern\u00edho are\u00e1lu<br \/>\nPoustevnick\u00e9 pobyty brat\u0159\u00ed v\u00a0kl\u00e1\u0161te\u0159e<\/p>\n<p><strong>Statistika<\/strong><br \/>\nk\u0159ty\u00a0\u00a0 \u00a0\u00a0\u00a0 \u00a01<br \/>\nsvatby\u00a0\u00a0 \u00a0\u00a0\u00a0 \u00a01<\/p>\n","protected":false},"excerpt":{"rendered":"<p>Proveden\u00e9 pr\u00e1ce v\u00a0roce 2016 Obnova kom\u00edn\u016f a vik\u00ed\u0159\u016f Kachlov\u00e1 kamna Elektro pr\u00e1ce Oprava zahradn\u00edho alt\u00e1nku Oprava Bo\u017e\u00edho hrobu Akce v\u00a0H\u00e1jku v\u00a0roce 2016 Poutn\u00ed m\u0161e svat\u00e9 v\u00a0H\u00e1jku (14) Charismatick\u00e9 setk\u00e1n\u00ed NEW DAWN Soukrom\u00e9 akce (svatby, rodinn\u00e9 oslavy atd) Setk\u00e1v\u00e1n\u00ed terci\u00e1\u0159\u016f Ministrantsk\u00e9 brig\u00e1dy Duchovn\u00ed obnovy Ml\u00e1de\u017enick\u00e9 brig\u00e1dy V\u00edkendov\u00e1 akce \u201eBrontosaurus\u201c \u0160koln\u00ed exkurze Pl\u00e1novan\u00e9 i n\u00e1hodn\u00e9 prohl\u00eddky kl\u00e1\u0161tern\u00edho [&hellip;]<\/p>\n","protected":false},"author":1,"featured_media":0,"parent":0,"menu_order":0,"comment_status":"closed","ping_status":"closed","template":"","meta":[],"_links":{"self":[{"href":"https:\/\/hajek.ofm.cz\/index.php?rest_route=\/wp\/v2\/pages\/119"}],"collection":[{"href":"https:\/\/hajek.ofm.cz\/index.php?rest_route=\/wp\/v2\/pages"}],"about":[{"href":"https:\/\/hajek.ofm.cz\/index.php?rest_route=\/wp\/v2\/types\/page"}],"author":[{"embeddable":true,"href":"https:\/\/hajek.ofm.cz\/index.php?rest_route=\/wp\/v2\/users\/1"}],"replies":[{"embeddable":true,"href":"https:\/\/hajek.ofm.cz\/index.php?rest_route=%2Fwp%2Fv2%2Fcomments&post=119"}],"version-history":[{"count":1,"href":"https:\/\/hajek.ofm.cz\/index.php?rest_route=\/wp\/v2\/pages\/119\/revisions"}],"predecessor-version":[{"id":120,"href":"https:\/\/hajek.ofm.cz\/index.php?rest_route=\/wp\/v2\/pages\/119\/revisions\/120"}],"wp:attachment":[{"href":"https:\/\/hajek.ofm.cz\/index.php?rest_route=%2Fwp%2Fv2%2Fmedia&parent=119"}],"curies":[{"name":"wp","href":"https:\/\/api.w.org\/{rel}","templated":true}]}}