{"id":136,"date":"2022-04-01T12:44:14","date_gmt":"2022-04-01T12:44:14","guid":{"rendered":"https:\/\/hajek.ofm.cz\/?page_id=136"},"modified":"2022-04-01T12:44:14","modified_gmt":"2022-04-01T12:44:14","slug":"damascenus-marek-a-hajek","status":"publish","type":"page","link":"https:\/\/hajek.ofm.cz\/?page_id=136","title":{"rendered":"Damascenus Marek a H\u00e1jek"},"content":{"rendered":"<p><a href=\"https:\/\/hajek.ofm.cz\/wp-content\/uploads\/2022\/04\/hist_damas_01.jpg\"><img decoding=\"async\" loading=\"lazy\" class=\"size-full wp-image-138 aligncenter\" src=\"https:\/\/hajek.ofm.cz\/wp-content\/uploads\/2022\/04\/hist_damas_01.jpg\" alt=\"\" width=\"420\" height=\"186\" srcset=\"https:\/\/hajek.ofm.cz\/wp-content\/uploads\/2022\/04\/hist_damas_01.jpg 420w, https:\/\/hajek.ofm.cz\/wp-content\/uploads\/2022\/04\/hist_damas_01-300x133.jpg 300w\" sizes=\"(max-width: 420px) 100vw, 420px\" \/><\/a><\/p>\n<p>&nbsp;<\/p>\n<p>V\u011bhlas ka\u017ed\u00e9ho z\u00a0poutn\u00edch m\u00edst se zv\u011bt\u0161oval a roz\u0161i\u0159oval p\u0159edev\u0161\u00edm \u00fastn\u011b p\u0159ed\u00e1van\u00fdmi zpr\u00e1vami o z\u00e1zra\u010dn\u00fdch uzdraven\u00edch a o velkolep\u00fdch poutn\u00edch slavnostech. D\u016fle\u017eitou roli v\u00a0roz\u0161i\u0159ov\u00e1n\u00ed zpr\u00e1v sehr\u00e1vala tak\u00e9 literatura: pom\u00e1hala usoustavnit v\u011bt\u0161inou jen \u00fatr\u017ekovit\u00e9 informace a mnohdy z\u0159ejm\u011b d\u00e1vala kone\u010dn\u00fd impuls k\u00a0n\u00e1v\u0161t\u011bv\u011b poutn\u00edho m\u00edsta. Tak\u0159ka ka\u017ed\u00e9 z\u00a0\u010desk\u00fdch poutn\u00edch m\u00edst m\u00e1 sv\u00e9ho barokn\u00edho historika nebo legendistu. Nap\u0159\u00edklad o p\u0159\u00edbramsk\u00e9 Svat\u00e9 Ho\u0159e psal proslul\u00fd Bohuslav Balb\u00edn, o Star\u00e9 Boleslavi metropolitn\u00ed kanovn\u00edk Jan Ign\u00e1c Dlouhovesk\u00fd, o svatomikul\u00e1\u0161sk\u00e9m poutn\u00edm m\u00edst\u011b u Vraclavi vysokom\u00fdtsk\u00fd m\u011b\u0161\u0165an Vojt\u011bch V\u00e1clav \u010capek, o ji\u010d\u00ednsk\u00e9m obrazu P. Marie Ru\u0161\u00e1nsk\u00e9 jezuita Josef Lauritsch. Knihu o h\u00e1jeck\u00e9m poutn\u00edm m\u00edst\u011b zpracoval franti\u0161k\u00e1nsk\u00fd \u0159eholn\u00edk a kazatel Marek Damascen (\u2020 12.2.\u00a01725), kter\u00fd byl tak\u00e9 v\u00a0\u0159\u00e1dov\u00e9 krypt\u011b brat\u0159\u00ed v\u00a0H\u00e1jku pochov\u00e1n. Nazval ji V\u016fdce cesty v\u0161ech pobo\u017en\u011b putuj\u00edc\u00edch do H\u00e1jku svat\u00e9ho, milosti Bo\u017e\u00ed a velik\u00fdmi dobrodin\u00edmi Marie Panny kr\u00e1sn\u011b se zelenaj\u00edc\u00edho, v\u00a0sv\u00e9m p\u0159evesel\u00e9m loret\u00e1nsk\u00e9m dome\u010dku dv\u011b m\u00edle od Prahy za B\u00edlou horou le\u017e\u00edc\u00edho, a vydal v\u00a0pra\u017esk\u00e9 Hrabov\u011b tisk\u00e1rn\u011b roku 1718. Jako v\u011bt\u0161ina d\u011bl barokn\u00ed literatury o poutn\u00edch m\u00edstech obsahuje dv\u011b z\u00e1kladn\u00ed \u010d\u00e1sti \u2013 \u010d\u00e1st v\u011bnovanou historii poutn\u00edho m\u00edsta a \u010d\u00e1st popisuj\u00edc\u00ed z\u00e1zra\u010dn\u00e1 uzdraven\u00ed a zachr\u00e1n\u011bn\u00ed, jimi\u017e P. Maria \u201edobrotiv\u011b vzhl\u00e9dla\u201c na sv\u00e9 nemocn\u00e9 nebo v\u00a0nebezpe\u010d\u00ed vystaven\u00e9 ctitele. Nav\u00edc p\u0159ipojil Marek Damascen i poutnick\u00e9 rady na cestu a texty modliteb a p\u00edsn\u00ed ur\u010den\u00e9 k\u00a0zast\u00e1vk\u00e1m p\u0159ed jednotliv\u00fdmi olt\u00e1\u0159i v\u00a0h\u00e1jeck\u00fdch ambitech. D\u00edky tomu se m\u016f\u017eeme v\u00edce p\u0159ibl\u00ed\u017eit sv\u011btu barokn\u00edho poutn\u00edka, l\u00e9pe pochopit v\u00fdznam cesty k\u00a0poutn\u00edmu m\u00edstu pro duchovn\u00ed koncentraci poutn\u00edka i smysl a hloubku barokn\u00ed modlitby. Z\u00a0uveden\u00fdch uk\u00e1zek si m\u016f\u017ee dne\u0161n\u00ed \u010dten\u00e1\u0159 a poutn\u00edk porovnat, nakolik se dne\u0161n\u00ed pojet\u00ed pout\u011b li\u0161\u00ed od pojet\u00ed barokn\u00edho.<\/p>\n<p>Zn\u00e1m\u011bj\u0161\u00edm d\u00edlem Marka Damascena je jeho postila (sb\u00edrka k\u00e1z\u00e1n\u00ed) Troj\u00ed chl\u00e9b nebesk\u00fd, kter\u00e1 vy\u0161la a\u017e posmrtn\u011b \u2013 roku 1728. I zde nalezneme nep\u0159\u00edm\u00e9 ohlasy atmosf\u00e9ry h\u00e1jeck\u00e9ho poutn\u00edho m\u00edsta; pr\u00e1v\u011b v\u00a0h\u00e1jeck\u00fdch zpov\u011bdnic\u00edch naslouchal Marek Damascen tis\u00edc\u016fm lidsk\u00fdch poklesk\u016f a h\u0159\u00edch\u016f, mimo jin\u00e9 i v\u00a0H\u00e1jku sledoval z\u00a0kazatelny reakce stovek poslucha\u010d\u016f, tak\u00e9 v\u00a0H\u00e1jku pochytil stovky hovorov\u00fdch obrat\u016f, jich\u017e pak pozoruhodn\u011b vyu\u017eil ve sv\u00fdch k\u00e1z\u00e1n\u00edch. Jeho sv\u00e9r\u00e1zn\u00fd smysl pro humor i ver\u0161ovan\u00e1 pr\u00f3za, j\u00ed\u017e prokl\u00e1d\u00e1 sv\u00e1 k\u00e1z\u00e1n\u00ed, citov\u011b zabarven\u00e1 slova slo\u017een\u00e1 (nap\u0159. slamo-trus), pozoruhodn\u00e1 stavba k\u00e1z\u00e1n\u00ed \u2013 to je jen zlomek probl\u00e9m\u016f a jev\u016f, kter\u00e9 by m\u011bly vyvolat z\u00e1jem o tuto postilu ze strany liter\u00e1rn\u00edch historik\u016f i jazykov\u011bdc\u016f. \u0160ir\u0161\u00ed ve\u0159ejnosti jsou zat\u00edm ob\u011b Damascenova d\u00edla tak\u0159ka nezn\u00e1ma. N\u011bkter\u00e9 z\u00a0Damascenov\u00fdch text\u016f nalezne \u010dten\u00e1\u0159 ve v\u00fdboru z\u00a0\u010desk\u00e9 barokn\u00ed pr\u00f3zy, kter\u00fd pod n\u00e1zvem Mal\u00fd sv\u011bt jest \u010dlov\u011bk, kter\u00e9 vydalo nakladatelstv\u00ed H + H v\u00a0roce 1995.<\/p>\n<p style=\"text-align: right;\"><em>Dr. Milo\u0161 Sl\u00e1dek (Upraven\u00fd text z\u00a0Posla z\u00a0Bud\u010de, 9\/1995)<\/em><\/p>\n<p>&nbsp;<\/p>\n","protected":false},"excerpt":{"rendered":"<p>&nbsp; V\u011bhlas ka\u017ed\u00e9ho z\u00a0poutn\u00edch m\u00edst se zv\u011bt\u0161oval a roz\u0161i\u0159oval p\u0159edev\u0161\u00edm \u00fastn\u011b p\u0159ed\u00e1van\u00fdmi zpr\u00e1vami o z\u00e1zra\u010dn\u00fdch uzdraven\u00edch a o velkolep\u00fdch poutn\u00edch slavnostech. D\u016fle\u017eitou roli v\u00a0roz\u0161i\u0159ov\u00e1n\u00ed zpr\u00e1v sehr\u00e1vala tak\u00e9 literatura: pom\u00e1hala usoustavnit v\u011bt\u0161inou jen \u00fatr\u017ekovit\u00e9 informace a mnohdy z\u0159ejm\u011b d\u00e1vala kone\u010dn\u00fd impuls k\u00a0n\u00e1v\u0161t\u011bv\u011b poutn\u00edho m\u00edsta. Tak\u0159ka ka\u017ed\u00e9 z\u00a0\u010desk\u00fdch poutn\u00edch m\u00edst m\u00e1 sv\u00e9ho barokn\u00edho historika nebo legendistu. Nap\u0159\u00edklad [&hellip;]<\/p>\n","protected":false},"author":1,"featured_media":0,"parent":0,"menu_order":0,"comment_status":"closed","ping_status":"closed","template":"","meta":[],"_links":{"self":[{"href":"https:\/\/hajek.ofm.cz\/index.php?rest_route=\/wp\/v2\/pages\/136"}],"collection":[{"href":"https:\/\/hajek.ofm.cz\/index.php?rest_route=\/wp\/v2\/pages"}],"about":[{"href":"https:\/\/hajek.ofm.cz\/index.php?rest_route=\/wp\/v2\/types\/page"}],"author":[{"embeddable":true,"href":"https:\/\/hajek.ofm.cz\/index.php?rest_route=\/wp\/v2\/users\/1"}],"replies":[{"embeddable":true,"href":"https:\/\/hajek.ofm.cz\/index.php?rest_route=%2Fwp%2Fv2%2Fcomments&post=136"}],"version-history":[{"count":2,"href":"https:\/\/hajek.ofm.cz\/index.php?rest_route=\/wp\/v2\/pages\/136\/revisions"}],"predecessor-version":[{"id":139,"href":"https:\/\/hajek.ofm.cz\/index.php?rest_route=\/wp\/v2\/pages\/136\/revisions\/139"}],"wp:attachment":[{"href":"https:\/\/hajek.ofm.cz\/index.php?rest_route=%2Fwp%2Fv2%2Fmedia&parent=136"}],"curies":[{"name":"wp","href":"https:\/\/api.w.org\/{rel}","templated":true}]}}

Damascenus Marek a Hájek

<p><a href="https://hajek.ofm.cz/wp-content/uploads/2022/04/hist_damas_01.jpg"><img decoding="async" loading="lazy" class="size-full wp-image-138 aligncenter" src="https://hajek.ofm.cz/wp-content/uploads/2022/04/hist_damas_01.jpg" alt="" width="420" height="186" srcset="https://hajek.ofm.cz/wp-content/uploads/2022/04/hist_damas_01.jpg 420w, https://hajek.ofm.cz/wp-content/uploads/2022/04/hist_damas_01-300x133.jpg 300w" sizes="(max-width: 420px) 100vw, 420px" /></a></p>
<p>&nbsp;</p>
<p>Věhlas každého z poutních míst se zvětšoval a rozšiřoval především ústně předávanými zprávami o zázračných uzdraveních a o velkolepých poutních slavnostech. Důležitou roli v rozšiřování zpráv sehrávala také literatura: pomáhala usoustavnit většinou jen útržkovité informace a mnohdy zřejmě dávala konečný impuls k návštěvě poutního místa. Takřka každé z českých poutních míst má svého barokního historika nebo legendistu. Například o příbramské Svaté Hoře psal proslulý Bohuslav Balbín, o Staré Boleslavi metropolitní kanovník Jan Ignác Dlouhoveský, o svatomikulášském poutním místě u Vraclavi vysokomýtský měšťan Vojtěch Václav Čapek, o jičínském obrazu P. Marie Rušánské jezuita Josef Lauritsch. Knihu o hájeckém poutním místě zpracoval františkánský řeholník a kazatel Marek Damascen († 12.2. 1725), který byl také v řádové kryptě bratří v Hájku pochován. Nazval ji Vůdce cesty všech pobožně putujících do Hájku svatého, milosti Boží a velikými dobrodiními Marie Panny krásně se zelenajícího, v svém převeselém loretánském domečku dvě míle od Prahy za Bílou horou ležícího, a vydal v pražské Hrabově tiskárně roku 1718. Jako většina děl barokní literatury o poutních místech obsahuje dvě základní části – část věnovanou historii poutního místa a část popisující zázračná uzdravení a zachránění, jimiž P. Maria „dobrotivě vzhlédla“ na své nemocné nebo v nebezpečí vystavené ctitele. Navíc připojil Marek Damascen i poutnické rady na cestu a texty modliteb a písní určené k zastávkám před jednotlivými oltáři v hájeckých ambitech. Díky tomu se můžeme více přiblížit světu barokního poutníka, lépe pochopit význam cesty k poutnímu místu pro duchovní koncentraci poutníka i smysl a hloubku barokní modlitby. Z uvedených ukázek si může dnešní čtenář a poutník porovnat, nakolik se dnešní pojetí poutě liší od pojetí barokního.</p>
<p>Známějším dílem Marka Damascena je jeho postila (sbírka kázání) Trojí chléb nebeský, která vyšla až posmrtně – roku 1728. I zde nalezneme nepřímé ohlasy atmosféry hájeckého poutního místa; právě v hájeckých zpovědnicích naslouchal Marek Damascen tisícům lidských poklesků a hříchů, mimo jiné i v Hájku sledoval z kazatelny reakce stovek posluchačů, také v Hájku pochytil stovky hovorových obratů, jichž pak pozoruhodně využil ve svých kázáních. Jeho svérázný smysl pro humor i veršovaná próza, jíž prokládá svá kázání, citově zabarvená slova složená (např. slamo-trus), pozoruhodná stavba kázání – to je jen zlomek problémů a jevů, které by měly vyvolat zájem o tuto postilu ze strany literárních historiků i jazykovědců. Širší veřejnosti jsou zatím obě Damascenova díla takřka neznáma. Některé z Damascenových textů nalezne čtenář ve výboru z české barokní prózy, který pod názvem Malý svět jest člověk, které vydalo nakladatelství H + H v roce 1995.</p>
<p style="text-align: right;"><em>Dr. Miloš Sládek (Upravený text z Posla z Budče, 9/1995)</em></p>
<p>&nbsp;</p>

<p>&nbsp; Věhlas každého z poutních míst se zvětšoval a rozšiřoval především ústně předávanými zprávami o zázračných uzdraveních a o velkolepých poutních slavnostech. Důležitou roli v rozšiřování zpráv sehrávala také literatura: pomáhala usoustavnit většinou jen útržkovité informace a mnohdy zřejmě dávala konečný impuls k návštěvě poutního místa. Takřka každé z českých poutních míst má svého barokního historika nebo legendistu. Například [&hellip;]</p>
