{"id":661,"date":"2026-01-09T06:31:56","date_gmt":"2026-01-09T06:31:56","guid":{"rendered":"https:\/\/hajek.ofm.cz\/?page_id=661"},"modified":"2026-03-27T08:20:45","modified_gmt":"2026-03-27T08:20:45","slug":"rok-2026","status":"publish","type":"page","link":"https:\/\/hajek.ofm.cz\/?page_id=661","title":{"rendered":"Rok 2026"},"content":{"rendered":"<p style=\"text-align: center;\"><a href=\"https:\/\/hajek.ofm.cz\/wp-content\/uploads\/2026\/01\/logo-CZ.jpg\"><img decoding=\"async\" loading=\"lazy\" class=\"alignnone size-medium wp-image-700\" src=\"https:\/\/hajek.ofm.cz\/wp-content\/uploads\/2026\/01\/logo-CZ-300x75.jpg\" alt=\"\" width=\"300\" height=\"75\" srcset=\"https:\/\/hajek.ofm.cz\/wp-content\/uploads\/2026\/01\/logo-CZ-300x75.jpg 300w, https:\/\/hajek.ofm.cz\/wp-content\/uploads\/2026\/01\/logo-CZ-1024x257.jpg 1024w, https:\/\/hajek.ofm.cz\/wp-content\/uploads\/2026\/01\/logo-CZ-768x192.jpg 768w, https:\/\/hajek.ofm.cz\/wp-content\/uploads\/2026\/01\/logo-CZ-1536x385.jpg 1536w, https:\/\/hajek.ofm.cz\/wp-content\/uploads\/2026\/01\/logo-CZ.jpg 2000w\" sizes=\"(max-width: 300px) 100vw, 300px\" \/><\/a><\/p>\n<p style=\"text-align: center;\"><strong><span style=\"color: #339966;\">V\u00a0 roce 800. v\u00fdro\u010d\u00ed smrti sv. Franti\u0161ka z Assisi byl vyhl\u00e1\u0161en zvl\u00e1\u0161tn\u00ed Jubilejn\u00ed rok s <\/span><\/strong><strong><span style=\"color: #339966;\">plnomocn\u00fdmi odpustky,<\/span><\/strong><\/p>\n<p style=\"text-align: center;\">v kostel\u00edch a kapl\u00edch zasv\u011bcen\u00fdch sv. Franti\u0161kovi, v m\u00edst\u011b franti\u0161k\u00e1nsk\u00fdch komunit i m\u00edstech s nimi spojen\u00fdmi. (dekret na <a href=\"http:\/\/ofm.cz\">ofm.cz<\/a>)<\/p>\n<p>&nbsp;<\/p>\n<p><span style=\"color: #999999;\">6.-8.2 Brontosau\u0159i &#8211; soukrom\u00e1 akce<\/span><\/p>\n<p><span style=\"color: #999999;\"><strong>7.3 VELK\u00c1 BRIG\u00c1DA &#8211; \u00faklid po k\u00e1cen\u00ed jasan\u016f, p\u0159\u00edprava m\u00edsta k s\u00e1zen\u00ed a jin\u00e9 \u00faklidy<\/strong><\/span><\/p>\n<p><span style=\"color: #999999;\"><strong>8:00 m\u0161e sv., 9:00 rozvr\u017een\u00ed \u00fakol\u016f<\/strong><\/span><\/p>\n<p><span style=\"color: #999999;\">13.-15.3 Obnova pro mu\u017ee &#8211; Stod\u016flky &#8211; soukrom\u00e1 akce<\/span><\/p>\n<p><span style=\"color: #999999;\">21.3 pou\u0165 farnosti ze Strahova 12:30 m\u0161e sv. &#8211; soukrom\u00e1 akce<\/span><\/p>\n<p><span style=\"color: #ff0000;\">28.3 sobota rekolekce farnosti Hostivice &#8211; soukrom\u00e1 akce<\/span><\/p>\n<p><span style=\"color: #ff0000;\">28.-29.3\u00a0 tane\u010dn\u00ed \u0161kola soukrom\u00e1 akce<\/span><\/p>\n<p><span style=\"color: #000080;\">10.4 &#8222;S\u00e1z\u00edme stromy&#8220; &#8211; firemn\u00ed akce\u00a0 &#8211; v\u00fdsadba strom\u016f &#8211; s<\/span><span style=\"color: #000080;\">oukrom\u00e1 akce.<\/span><\/p>\n<p>11.4 Brig\u00e1da &#8211; \u00faklid pokoj\u016f, lesa aj.<\/p>\n<p>16.4. \u010dtvrtek &#8211; Univerzita 3 v\u011bku &#8211; Kladno, komentovan\u00e1 prohl\u00eddka (K. Pa\u0159\u00edzkov\u00e1) &#8211; soukrom\u00e1 akce<\/p>\n<p><span style=\"color: #000080;\">18.4 rodinn\u00e1 oslava &#8211; soukrom\u00e1 akce<\/span><\/p>\n<p><strong><span style=\"color: #ff0000;\">25.4 sobota &#8211; P\u0159\u00edpravn\u00e1 brig\u00e1da na poutn\u00ed sez\u00f3nu<\/span><\/strong><\/p>\n<p><strong><span style=\"color: #993300;\">1.5 p\u00e1tek m\u0161e sv. v 11:00<\/span><\/strong><\/p>\n<p><strong><span style=\"color: #993300;\">za\u010d\u00e1tek poutn\u00ed sez\u00f3ny<\/span><\/strong><\/p>\n<p>celebruje P. Filip Jan Rathousk\u00fd OFM<\/p>\n<p>1-3.5 rodinn\u00fd H\u00e1jek farnosti Spo\u0159ilov<\/p>\n<p><span style=\"color: #993300;\"><strong>16.5 sobota New Dawn Day<\/strong> <\/span><\/p>\n<p><span style=\"color: #993300;\">Slavnost sv. Jana Nepomuck\u00e9ho (program pozd\u011bji)<\/span><\/p>\n<p><strong><span style=\"color: #993300;\">18.5 pond\u011bl\u00ed ekumenick\u00e1 bohoslu\u017eba v 17:00<\/span><\/strong><\/p>\n<p>P. Filip Jan Rathousk\u00fd OFM<\/p>\n<p><span style=\"color: #993300;\"><strong>21.5 \u010dtvrtek m\u0161e sv. ve 12:00<\/strong><\/span><\/p>\n<p><span style=\"color: #993300;\">Pou\u0165 senior\u016f, terci\u00e1\u0159\u016f i v\u0161ech, kte\u0159\u00ed cht\u011bj\u00ed<\/span><\/p>\n<p>celebruje P. Jan Maria Vianney Dohnal OFM<\/p>\n<p><span style=\"color: #000080;\">22.-24.5 Farnost Stod\u016flky &#8211; soukrom\u00e1 akce<\/span><\/p>\n<p><span style=\"color: #000080;\">26.5. \u00fater\u00fd Univerzita 3 v\u011bku &#8211; Kladno (dr. P\u0159ibyl) cca v 10:00 hod. &#8211; soukrom\u00e1 akce<\/span><\/p>\n<p><strong><span style=\"color: #993300;\">30.5 sobota m\u0161e sv. v 11:00 <\/span><\/strong><\/p>\n<p><strong><span style=\"color: #993300;\">Ze sv\u00e1tku Nav\u0161t\u00edven\u00ed Panny Marie<\/span><\/strong><\/p>\n<p>celebruje opat strahovsk\u00fd Daniel <em>Peter Jan\u00e1\u010dek, PhD., OPraem<\/em>.<\/p>\n<p><span style=\"color: #000080;\">6.6 svatba &#8211; soukrom\u00e1 akce<\/span><\/p>\n<p><strong><span style=\"color: #993300;\">13.6 sobota m\u0161e sv. v 11:00<\/span><\/strong><\/p>\n<p><strong><span style=\"color: #993300;\">ze sv\u00e1tku sv. Anton\u00edna<\/span><\/strong><\/p>\n<p>celebruje P. Jakub Franti\u0161ek Sad\u00edlek OFM<\/p>\n<p><span style=\"color: #000080;\">22.-24.6 dev\u00e1\u0165\u00e1ci &#8211; \u0161kola u Vor\u0161ilek &#8211; soukrom\u00e1 akce<\/span><\/p>\n<p><strong><span style=\"color: #993300;\">27.6 sobota m\u0161e sv. v 11:00<\/span><\/strong><\/p>\n<p><strong><span style=\"color: #993300;\">Motork\u00e1\u0159sk\u00e1, \u017eehn\u00e1n\u00ed dopravn\u00edch prost\u0159edk\u016f<\/span><\/strong><\/p>\n<p>celebruje P. Jan Kapistr\u00e1n Tom\u00e1\u0161 Gajdo\u0161 OFM, novokn\u011bz<\/p>\n<p><span style=\"color: #000080;\">20.-24.7 Farnost Stod\u016flky &#8211; soukrom\u00e1 akce<\/span><\/p>\n<p><span style=\"color: #000080;\">26.-28.7 brat\u0159i z Rakouska &#8211; soukrom\u00e1 akce<\/span><\/p>\n<p><span style=\"color: #000080;\">29.7.-2.8 p\u011b\u0161\u00ed pou\u0165 ml\u00e1de\u017ee (<a href=\"http:\/\/ofm.cz\">ofm.cz<\/a>)\u00a0<\/span><\/p>\n<p><span style=\"color: #ff0000;\"><strong>2.8 ned\u011ble m\u0161e sv. v 11:00<\/strong><\/span><\/p>\n<p><span style=\"color: #ff0000;\"><strong>Porciunkula<\/strong><\/span><\/p>\n<p>celebruje nov\u00fd provinci\u00e1l &#8211; mo\u017en\u00e1<\/p>\n<p><span style=\"color: #000080;\">8.8 svatba &#8211; soukrom\u00e1 akce<\/span><\/p>\n<p><span style=\"color: #000080;\">9.-15.8 Tane\u010dn\u00ed \u0161kola \u010cerno\u0161ice &#8211; soukrom\u00e1 akce<\/span><\/p>\n<p><span style=\"color: #ff0000;\"><strong>15.8 sobota m\u0161e sv. v 11:00<\/strong><\/span><\/p>\n<p><span style=\"color: #ff0000;\"><strong>ze sv\u00e1tku Nanebevzet\u00ed Panny Marie<\/strong><\/span><\/p>\n<p>celebruje P. Petr Mach\u00e1\u010dek OFMConv.<\/p>\n<p><span style=\"color: #993300;\">19.-23.8 NEW DAWN\u00a0<\/span><\/p>\n<p><span style=\"color: #000000;\">pro p\u0159ihl\u00e1\u0161en\u00e9 <\/span><span style=\"color: #993300;\">(<\/span><a href=\"https:\/\/www.newdawn.cz\/\">www.newdawn.cz<\/a><span style=\"color: #993300;\">)<\/span><\/p>\n<p><span style=\"color: #000080;\">29.8 svatba &#8211; soukrom\u00e1 akce<\/span><\/p>\n<p><strong><span style=\"color: #993300;\">5.9 sobota m\u0161e sv. v 11:30<\/span><\/strong><\/p>\n<p><strong><span style=\"color: #993300;\">Hlavn\u00ed H\u00e1jeck\u00e1 pou\u0165 &#8211; Narozen\u00ed Panny Marie<\/span><\/strong><\/p>\n<p>celebruje Mons. Stanislav P\u0159ibyl, arcibiskup pra\u017esk\u00fd (douf\u00e1m, \u017ee to tak bude)<\/p>\n<p>Poutn\u00ed proces\u00ed &#8211; info pozd\u011bji<\/p>\n<p><span style=\"color: #000080;\">12.9 svatba &#8211; soukrom\u00e1 akce<\/span><\/p>\n<p><span style=\"color: #000080;\">19.9 svatba &#8211; soukrom\u00e1 akce<\/span><\/p>\n<p><strong><span style=\"color: #993300;\">26.9 sobota m\u0161e sv. v 11:00<\/span><\/strong><\/p>\n<p><strong><span style=\"color: #993300;\">Svatov\u00e1clavsk\u00e1<\/span><\/strong><\/p>\n<p>celebruje P. Mikul\u00e1\u0161 Selvek O.Praem.<\/p>\n<p><strong><span style=\"color: #993300;\">10.10 sobota m\u0161e sv. v 11:00<\/span><\/strong><\/p>\n<p><strong><span style=\"color: #993300;\">Panny Marie R\u016f\u017eencov\u00e9<\/span><\/strong><\/p>\n<p>celebruje P. Vladim\u00edr Sl\u00e1me\u010dka<\/p>\n<p><span style=\"color: #000080;\">23.-25.10 obnova pro mu\u017ee<\/span><\/p>\n<p><strong><span style=\"color: #993300;\">7.11 sobota m\u0161e sv. v 11:00<\/span><\/strong><\/p>\n<p><strong><span style=\"color: #993300;\">Du\u0161i\u010dkov\u00e1<\/span><\/strong><\/p>\n<p>celebruje Mons. P. Josef \u017d\u00e1k<\/p>\n<p>zazimovac\u00ed brig\u00e1da<\/p>\n<p><span style=\"color: #000080;\">21.11. Krokofest &#8211; Hostivice<\/span><\/p>\n<p><strong><span style=\"color: #993300;\">10.12 \u010dtvrtek m\u0161e sv. v 17:00<\/span><\/strong><\/p>\n<p><strong><span style=\"color: #993300;\">Panny Marie Loret\u00e1nsk\u00e9\u00a0<\/span><\/strong><\/p>\n<p>celebruje P. Filip \u0160t\u011bp\u00e1n Boh\u00e1\u010d OP<\/p>\n","protected":false},"excerpt":{"rendered":"<p>V\u00a0 roce 800. v\u00fdro\u010d\u00ed smrti sv. Franti\u0161ka z Assisi byl vyhl\u00e1\u0161en zvl\u00e1\u0161tn\u00ed Jubilejn\u00ed rok s plnomocn\u00fdmi odpustky, v kostel\u00edch a kapl\u00edch zasv\u011bcen\u00fdch sv. Franti\u0161kovi, v m\u00edst\u011b franti\u0161k\u00e1nsk\u00fdch komunit i m\u00edstech s nimi spojen\u00fdmi. (dekret na ofm.cz) &nbsp; 6.-8.2 Brontosau\u0159i &#8211; soukrom\u00e1 akce 7.3 VELK\u00c1 BRIG\u00c1DA &#8211; \u00faklid po k\u00e1cen\u00ed jasan\u016f, p\u0159\u00edprava m\u00edsta k s\u00e1zen\u00ed a [&hellip;]<\/p>\n","protected":false},"author":1,"featured_media":0,"parent":0,"menu_order":0,"comment_status":"closed","ping_status":"closed","template":"","meta":[],"_links":{"self":[{"href":"https:\/\/hajek.ofm.cz\/index.php?rest_route=\/wp\/v2\/pages\/661"}],"collection":[{"href":"https:\/\/hajek.ofm.cz\/index.php?rest_route=\/wp\/v2\/pages"}],"about":[{"href":"https:\/\/hajek.ofm.cz\/index.php?rest_route=\/wp\/v2\/types\/page"}],"author":[{"embeddable":true,"href":"https:\/\/hajek.ofm.cz\/index.php?rest_route=\/wp\/v2\/users\/1"}],"replies":[{"embeddable":true,"href":"https:\/\/hajek.ofm.cz\/index.php?rest_route=%2Fwp%2Fv2%2Fcomments&post=661"}],"version-history":[{"count":24,"href":"https:\/\/hajek.ofm.cz\/index.php?rest_route=\/wp\/v2\/pages\/661\/revisions"}],"predecessor-version":[{"id":780,"href":"https:\/\/hajek.ofm.cz\/index.php?rest_route=\/wp\/v2\/pages\/661\/revisions\/780"}],"wp:attachment":[{"href":"https:\/\/hajek.ofm.cz\/index.php?rest_route=%2Fwp%2Fv2%2Fmedia&parent=661"}],"curies":[{"name":"wp","href":"https:\/\/api.w.org\/{rel}","templated":true}]}}